 factor of 1825?
True
Is 11 a factor of 4751?
False
Is 61 a factor of 854?
True
Is 38 a factor of 3668?
False
Is 30 a factor of 6360?
True
Is 684 a multiple of 12?
True
Is 1456 a multiple of 13?
True
Does 66 divide 15972?
True
Is 1482 a multiple of 38?
True
Does 61 divide 4758?
True
Is 83 a factor of 3387?
False
Does 10 divide 51?
False
Does 49 divide 931?
True
Is 21045 a multiple of 69?
True
Does 30 divide 2877?
False
Is 46 a factor of 175?
False
Does 179 divide 19950?
False
Does 26 divide 1102?
False
Is 161 a factor of 3864?
True
Does 10 divide 88260?
True
Does 65 divide 3965?
True
Is 18432 a multiple of 72?
True
Does 3 divide 44?
False
Is 144 a multiple of 30?
False
Is 24174 a multiple of 51?
True
Is 862 a multiple of 16?
False
Is 22 a factor of 2093?
False
Is 1783 a multiple of 9?
False
Does 23 divide 1518?
True
Is 382 a multiple of 15?
False
Does 84 divide 588?
True
Is 8 a factor of 1432?
True
Does 19 divide 30620?
False
Is 30 a factor of 4743?
False
Does 109 divide 2547?
False
Is 68 a factor of 152?
False
Is 141 a factor of 5217?
True
Is 157 a multiple of 6?
False
Does 21 divide 189?
True
Is 8340 a multiple of 78?
False
Is 21 a factor of 36750?
True
Is 131 a factor of 16817?
False
Does 110 divide 220?
True
Does 9 divide 378?
True
Is 296 a factor of 75040?
False
Is 96 even?
True
Is 642 a multiple of 101?
False
Is 19 a factor of 5434?
True
Is 2 a factor of 203?
False
Is 2680 a multiple of 12?
False
Is 2 a factor of 590?
True
Does 12 divide 82?
False
Does 13 divide 2945?
False
Is 40 a factor of 113183?
False
Is 376 a multiple of 14?
False
Is 5793 a multiple of 14?
False
Does 29 divide 2335?
False
Is 3 a factor of 201?
True
Is 2572 a multiple of 160?
False
Is 7353 a multiple of 9?
True
Is 7 a factor of 140?
True
Does 64 divide 99722?
False
Does 88 divide 440?
True
Is 21873 a multiple of 2?
False
Does 37 divide 6845?
True
Does 4 divide 107?
False
Is 1666 a multiple of 34?
True
Is 70 a factor of 490?
True
Does 81 divide 17735?
False
Is 618 a multiple of 15?
False
Does 18 divide 299?
False
Is 12797 a multiple of 67?
True
Is 31 a factor of 11811?
True
Is 27664 a multiple of 14?
True
Is 21632 a multiple of 64?
True
Does 141 divide 6063?
True
Is 9 a factor of 2133?
True
Is 110 a multiple of 3?
False
Does 13 divide 13728?
True
Is 18096 a multiple of 12?
True
Is 36 a factor of 7764?
False
Is 16 a factor of 760?
False
Does 19 divide 228?
True
Does 20 divide 2800?
True
Does 4 divide 127?
False
Is 1596 a multiple of 12?
True
Is 19734 a multiple of 73?
False
Is 20683 a multiple of 13?
True
Is 6136 a multiple of 4?
True
Does 3 divide 8?
False
Does 48 divide 384?
True
Is 1419 a multiple of 22?
False
Is 2099 a multiple of 110?
False
Is 23085 a multiple of 45?
True
Is 21780 a multiple of 33?
True
Does 3 divide 50?
False
Is 3826 a multiple of 6?
False
Does 18 divide 1260?
True
Is 8772 a multiple of 12?
True
Does 80 divide 24653?
False
Does 58 divide 7879?
False
Does 152 divide 43472?
True
Is 683 a multiple of 12?
False
Is 68 a multiple of 17?
True
Is 18700 a multiple of 34?
True
Is 6586 a multiple of 74?
True
Is 1665 a multiple of 53?
False
Is 6 a factor of 23?
False
Does 23 divide 3036?
True
Does 4 divide 1807?
False
Does 61 divide 17812?
True
Is 182 a multiple of 14?
True
Is 4273 a multiple of 7?
False
Does 41 divide 14578?
False
Is 7 a factor of 588?
True
Is 15 a factor of 63054?
False
Is 866 a multiple of 21?
False
Is 6 a factor of 7?
False
Is 8 a factor of 30336?
True
Does 12 divide 348?
True
Does 14 divide 62972?
True
Does 9 divide 315?
True
Is 8586 a multiple of 18?
True
Is 2874 a multiple of 29?
False
Is 652 a multiple of 6?
False
Is 792 a multiple of 44?
True
Is 176 a multiple of 44?
True
Is 51 a factor of 1479?
True
Is 746 a multiple of 24?
False
Is 2441 a multiple of 7?
False
Does 20 divide 2053?
False
Is 387 a factor of 11821?
False
Is 28 a factor of 2380?
True
Is 3 a factor of 12?
True
Is 736 a multiple of 16?
True
Is 46217 a multiple of 21?
False
Does 36 divide 288?
True
Does 10 divide 90?
True
Is 10 a factor of 20?
True
Is 15 a factor of 2056?
False
Does 3 divide 1629?
True
Is 5 a factor of 548?
False
Is 18 a factor of 34578?
True
Does 14 divide 756?
True
Does 68 divide 40711?
False
Does 20 divide 479?
False
Does 120 divide 6480?
True
Is 2404 a multiple of 62?
False
Is 100 a factor of 1600?
True
Is 7 a factor of 259?
True
Is 7 a factor of 717?
False
Is 3 a factor of 342?
True
Is 10 a factor of 31964?
False
Is 9 a factor of 10?
False
Is 24 a factor of 2536?
False
Is 40 a factor of 10840?
True
Does 22 divide 396?
True
Is 39375 a multiple of 225?
True
Does 48 divide 15309?
False
Is 574 a multiple of 41?
True
Is 2443 a multiple of 58?
False
Does 32 divide 10880?
True
Is 130 a multiple of 10?
True
Is 5682 a multiple of 49?
False
Is 41 a factor of 656?
True
Is 927 a multiple of 12?
False
Is 12 a factor of 2770?
False
Does 92 divide 184?
True
Is 3828 a multiple of 86?
False
Does 3 divide 27390?
True
Does 26 divide 4706?
True
Does 53 divide 1591?
False
Is 2524 a multiple of 38?
False
Does 15 divide 3345?
True
Is 6246 a multiple of 116?
False
Is 1235 a multiple of 63?
False
Is 1311 a multiple of 19?
True
Is 1532 a multiple of 28?
False
Is 33 a factor of 2706?
True
Is 1300 a multiple of 5?
True
Is 65 a factor of 167?
False
Is 902 a multiple of 82?
True
Does 19 divide 65208?
True
Does 53 divide 41446?
True
Is 51 a factor of 18893?
False
Is 52 a factor of 5304?
True
Is 9 a factor of 1323?
True
Is 945 a multiple of 45?
True
Does 35 divide 5780?
False
Does 75 divide 3309?
False
Does 45 divide 12066?
False
Does 21 divide 530?
False
Is 165 a factor of 4525?
False
Is 1856 a multiple of 64?
True
Is 6820 a multiple of 4?
True
Is 38628 a multiple of 6?
True
Does 7 divide 3437?
True
Is 2601 a multiple of 104?
False
Is 29 a factor of 532?
False
Is 13752 a multiple of 36?
True
Does 15 divide 2025?
True
Is 256 a multiple of 4?
True
Is 497 a multiple of 4?
False
Is 12972 a multiple of 144?
False
Is 13 a factor of 2106?
True
Is 43 a factor of 4916?
False
Is 8 a factor of 1159?
False
Is 119 a multiple of 6?
False
Does 23 divide 843?
False
Does 4 divide 648?
True
Does 57 divide 2793?
True
Does 52 divide 4108?
True
Is 5067 a multiple of 20?
False
Is 14022 a multiple of 82?
True
Is 43423 a multiple of 173?
True
Does 5 divide 330?
True
Does 10 divide 2418?
False
Is 8 a factor of 5958?
False
Does 14 divide 4284?
True
Does 3 divide 1041?
True
Does 8 divide 37?
False
Is 19545 a multiple of 98?
False
Is 57 a factor of 493?
False
Is 1257 a multiple of 7?
False
Is 2659 a multiple of 9?
False
Is 339 a multiple of 4?
False
Does 82 divide 7018?
False
Is 277 a multiple of 19?
False
Is 15865 a multiple of 19?
True
Does 111 divide 1547?
False
Is 3504 a multiple of 24?
True
Does 50 divide 22500?
True
Is 11989 a multiple of 89?
False
Is 7 a factor of 41692?
True
Does 4 divide 196?
True
Does 18 divide 812?
False
Does 37 divide 6798?
False
Does 7 divide 1369?
False
Is 3159 a multiple of 6?
False
Does 2 divide 460?
True
Is 2139 a multiple of 115?
False
Does 85 divide 27452?
False
Is 170 a factor of 22610?
True
Does 119 divide 1428?
True
Is 6 a factor of 222?
True
Does 11 divide 19958?
False
Is 22978 a multiple of 6?
False
Does 3 divide 5061?
True
Is 286 a multiple of 30?
False
Is 78 even?
True
Is 6 a factor of 289?
False
Is 8 a factor of 12109?
False
Does 136 divide 64980?
False
Does 6 divide 107?
False
Does 35 divide 1514?
False
Is 44 a factor of 11616?
True
Is 4937 a multiple of 108?
False
Is 1078 a multiple of 14?
True
Is 4 a factor of 1002?
False
Is 12 a factor of 222?
False
Is 75 a multiple of 12?
False
Does 8 divide 4850?
False
Does 91 divide 7826?
True
Is 23301 a multiple of 16?
False
Is 31 a factor of 1302?
True
Is 5 a factor of 12305?
True
Is 11 a factor of 847?
True
Is 757 a multiple of 25?
False
Does 5 divide 90?
True
Is 24 a factor of 48?
True
Does 70 divide 27510?
True
Is 29 a factor of 1464?
False
Is 71872 a multiple of 16?
True
Is 156 a multiple of 52?
True
Is 26 a factor of 2991?
False
Is 4 a factor of 8788?
True
Is 224 a factor of 4414?
False
Is 804 a multiple of 12?
True
Does 19 divide 171?
True
Is 18 a factor of 324?
True
Is 1350 a multiple of 15?
True
Is 31 a factor of 129?
False
Is 756 a multiple of 14?
True
Is 3380 a multiple of 15?
False
Is 13657 a multiple of 26